{"id":432,"date":"2014-03-17T10:58:39","date_gmt":"2014-03-17T10:58:39","guid":{"rendered":"http:\/\/demo.themegrill.com\/spacious\/?page_id=7"},"modified":"2025-01-08T16:17:14","modified_gmt":"2025-01-08T16:17:14","slug":"business-template","status":"publish","type":"page","link":"https:\/\/pelvica.ch\/","title":{"rendered":"Sant\u00e9 Pelvienne et Sant\u00e9 Sexuelle Int\u00e9gratives"},"content":{"rendered":"\n<p class=\"has-text-align-center\">La sant\u00e9, selon l&#8217;OMS, est un \u00e9tat de complet bien-\u00eatre physique, mental et social, et ne consiste pas seulement en une absence de maladie et d&#8217;infirmit\u00e9.<\/p>\n\n\n\n<p class=\"has-text-align-center\">Parler de <strong>sant\u00e9 int\u00e9grative<\/strong>, c\u2019est mettre en lumi\u00e8re que la personne, dans tous ses aspects, est l\u2019\u00e9l\u00e9ment principal de son propre processus de d\u00e9veloppement et de r\u00e9tablissement. Il s\u2019agit d\u2019une approche globale qui cherche \u00e0 reconna\u00eetre, \u00e0 valoriser et \u00e0 promouvoir les comp\u00e9tences de chaque individu, qui sera alors en mesure de prendre des d\u00e9cisions inform\u00e9es et de mettre en place des strat\u00e9gies adapt\u00e9es. Alliant des pratiques conventionnelles et compl\u00e9mentaires, la Sant\u00e9 Pelvienne et la Sant\u00e9 Sexuelle sont mises en \u00e9vidence : la <strong>physioth\u00e9rapie<\/strong> pelvienne, la <strong>sexologie<\/strong>, la <strong>psychosomatique<\/strong> et les <strong>approches<\/strong> <strong>psycorporelles<\/strong>, ainsi que l\u2019<strong>\u00e9nerg\u00e9tique<\/strong>, seront \u00e0 votre disposition.<\/p>\n\n\n\n<p><\/p>\n\n\n<div class=\"wp-block-image\">\n<figure class=\"aligncenter size-full is-resized\"><img loading=\"lazy\" decoding=\"async\" width=\"500\" height=\"500\" src=\"https:\/\/pelvica.ch\/wp-content\/uploads\/2025\/01\/Pelvica.png\" alt=\"\" class=\"wp-image-1082\" style=\"width:273px;height:auto\" srcset=\"https:\/\/pelvica.ch\/wp-content\/uploads\/2025\/01\/Pelvica.png 500w, https:\/\/pelvica.ch\/wp-content\/uploads\/2025\/01\/Pelvica-300x300.png 300w, https:\/\/pelvica.ch\/wp-content\/uploads\/2025\/01\/Pelvica-150x150.png 150w, https:\/\/pelvica.ch\/wp-content\/uploads\/2025\/01\/Pelvica-45x45.png 45w, https:\/\/pelvica.ch\/wp-content\/uploads\/2025\/01\/Pelvica-100x100.png 100w\" sizes=\"auto, (max-width: 500px) 100vw, 500px\" \/><\/figure><\/div>\n\n\n<p><\/p>\n\n\n\n<p class=\"has-text-align-center\"><strong>Pour en savoir plus sur les prestations, consulter <em>Physioth\u00e9rapie<\/em>, <em>Sexologie, Psychocorporel et Energetique<\/em><\/strong><\/p>\n\n\n\n<p><\/p>\n","protected":false},"excerpt":{"rendered":"<p>La sant\u00e9, selon l&#8217;OMS, est un \u00e9tat de complet bien-\u00eatre physique, mental et social, et ne consiste pas seulement en une absence de maladie et d&#8217;infirmit\u00e9. Parler de sant\u00e9 int\u00e9grative, c\u2019est mettre en lumi\u00e8re que la personne, dans tous ses aspects, est l\u2019\u00e9l\u00e9ment principal de son propre processus de d\u00e9veloppement et de r\u00e9tablissement. Il s\u2019agit [&hellip;]<\/p>\n","protected":false},"author":1,"featured_media":0,"parent":0,"menu_order":0,"comment_status":"closed","ping_status":"closed","template":"","meta":{"footnotes":""},"class_list":["post-432","page","type-page","status-publish","hentry"],"_links":{"self":[{"href":"https:\/\/pelvica.ch\/index.php?rest_route=\/wp\/v2\/pages\/432","targetHints":{"allow":["GET"]}}],"collection":[{"href":"https:\/\/pelvica.ch\/index.php?rest_route=\/wp\/v2\/pages"}],"about":[{"href":"https:\/\/pelvica.ch\/index.php?rest_route=\/wp\/v2\/types\/page"}],"author":[{"embeddable":true,"href":"https:\/\/pelvica.ch\/index.php?rest_route=\/wp\/v2\/users\/1"}],"replies":[{"embeddable":true,"href":"https:\/\/pelvica.ch\/index.php?rest_route=%2Fwp%2Fv2%2Fcomments&post=432"}],"version-history":[{"count":31,"href":"https:\/\/pelvica.ch\/index.php?rest_route=\/wp\/v2\/pages\/432\/revisions"}],"predecessor-version":[{"id":1086,"href":"https:\/\/pelvica.ch\/index.php?rest_route=\/wp\/v2\/pages\/432\/revisions\/1086"}],"wp:attachment":[{"href":"https:\/\/pelvica.ch\/index.php?rest_route=%2Fwp%2Fv2%2Fmedia&parent=432"}],"curies":[{"name":"wp","href":"https:\/\/api.w.org\/{rel}","templated":true}]}}