{"id":692,"date":"2022-04-11T12:51:06","date_gmt":"2022-04-11T12:51:06","guid":{"rendered":"https:\/\/pelvica.ch\/?page_id=692"},"modified":"2024-12-02T17:51:39","modified_gmt":"2024-12-02T17:51:39","slug":"liens-utiles","status":"publish","type":"page","link":"https:\/\/pelvica.ch\/?page_id=692","title":{"rendered":"Liens utiles"},"content":{"rendered":"\n<div class=\"wp-block-buttons is-layout-flex wp-block-buttons-is-layout-flex\">\n<div class=\"wp-block-button\"><a class=\"wp-block-button__link\">ESPACES THERAPEUTIQUES<\/a><\/div>\n<\/div>\n\n\n\n<p><strong>Centre P\u00e9rinatal &amp; Famille (Lausanne et Gen\u00e8ve)<\/strong><\/p>\n\n\n\n<p><a href=\"http:\/\/www.centreperinatal.ch\">www.centreperinatal.ch<\/a><\/p>\n\n\n\n<p><strong>Centre de Sexologie et Couple de la C\u00f4te<\/strong><\/p>\n\n\n\n<p><a href=\"http:\/\/www.sexologiecouple.com\">www.sexologiecouple.com<\/a><\/p>\n\n\n\n<p><strong>Sexopraxis : centre consacr\u00e9 aux sexualit\u00e9s, aux couples et \u00e0 la p\u00e9rinatalit\u00e9<\/strong><\/p>\n\n\n\n<p><a href=\"https:\/\/www.sexopraxis.ch\/\">https:\/\/www.sexopraxis.ch\/<\/a><\/p>\n\n\n\n<p><strong>Fondation PROFA (Centre vaudois de r\u00e9f\u00e9rence en sant\u00e9 sexuelle, couple et sexologie, p\u00e9rinatalit\u00e9, aide aux victimes, \u00e9ducation sexuelle, pr\u00e9vention VIH-IST)<\/strong><\/p>\n\n\n\n<p><a href=\"http:\/\/www.profa.ch\">www.profa.ch<\/a><\/p>\n\n\n\n<div class=\"wp-block-buttons is-layout-flex wp-block-buttons-is-layout-flex\">\n<div class=\"wp-block-button\"><a class=\"wp-block-button__link\">ASSOCIATIONS PROFESSIONNELLES<\/a><\/div>\n<\/div>\n\n\n\n<p><strong>Association des physioth\u00e9rapeutes sp\u00e9cialis\u00e9s en uro-gyn\u00e9cologie et pelvi-p\u00e9rin\u00e9ologie<\/strong><\/p>\n\n\n\n<p><a href=\"http:\/\/www.aspug.ch\">www.aspug.ch<\/a><\/p>\n\n\n\n<p><strong>Schweizerische Gesellschaft f\u00fcr Beckenbodenphysiotherapie<\/strong><\/p>\n\n\n\n<p><a href=\"http:\/\/www.pelvisuisse.ch\">www.pelvisuisse.ch<\/a><\/p>\n\n\n\n<p><strong>Soci\u00e9t\u00e9 Suisse de Sexologie<\/strong><\/p>\n\n\n\n<p><a href=\"https:\/\/www.swissexology.com\/\">https&nbsp;:\/\/www.swissexology.com\/<\/a><\/p>\n\n\n\n<p><strong>Association Suisse d\u2019Urogyn\u00e9cologie et de Pathologie Pelvienne<\/strong><\/p>\n\n\n\n<p><a href=\"https:\/\/www.urogyn.ch\/\">https&nbsp;:\/\/www.urogyn.ch\/<\/a><\/p>\n\n\n\n<div class=\"wp-block-buttons is-layout-flex wp-block-buttons-is-layout-flex\">\n<div class=\"wp-block-button\"><a class=\"wp-block-button__link\">ASSOCIATIONS D&#8217;INFORMATION ET SOUTIEN AUX PATIENT-E-X-S <\/a><\/div>\n<\/div>\n\n\n\n<p><strong>Adopte un-e gyn\u00e9co (Liste de gyn\u00e9cologues &#8211; et pas que &#8211; Safe en suisse romande)<\/strong><\/p>\n\n\n\n<p>www.adopteunegyneco.wordpress.com<\/p>\n\n\n\n<p><strong>Association S-Endo (endom\u00e9triose)<\/strong><\/p>\n\n\n\n<p><a href=\"https:\/\/s-endo.ch\/\">https&nbsp;:\/\/s-endo.ch\/<\/a><\/p>\n\n\n\n<p><strong>Association Pvssy Talk (pour les personnes \u00e0 vulve qui souffrent de douleurs sexuelles)<\/strong><\/p>\n\n\n\n<p><a href=\"https:\/\/www.pvssy-talk.org\/\">https:\/\/www.pvssy-talk.org\/<\/a><\/p>\n\n\n\n<p><strong>Association Lichens Scl\u00e9reux <\/strong><\/p>\n\n\n\n<p><a href=\"https:\/\/www.lichensclereux.ch\/accueil\">https:\/\/www.lichensclereux.ch\/accueil<\/a><\/p>\n\n\n\n<div class=\"wp-block-buttons is-layout-flex wp-block-buttons-is-layout-flex\">\n<div class=\"wp-block-button\"><a class=\"wp-block-button__link\">PERINATALITE &amp; PARENTALITE<\/a><\/div>\n<\/div>\n\n\n\n<p><strong>Conseils et liens utiles pour les futurs parents<\/strong> <strong>(CHUV \u2013 d\u00e9partement femme \u2013 m\u00e8re \u2013 enfant)<\/strong><\/p>\n\n\n\n<p><a href=\"https:\/\/www.chuv.ch\/fr\/dfme\/dfme-home\/femme-mere\/grossesse-accouchement\/conseils-et-liens-utiles-pour-les-futurs-parents\/\">https&nbsp;:\/\/www.chuv.ch\/fr\/dfme\/dfme-home\/femme-mere\/grossesse-accouchement\/conseils-et-liens-utiles-pour-les-futurs-parents\/<\/a><\/p>\n\n\n\n<p><strong>PROFA \/ Conseil en perinatalit\u00e9<\/strong><\/p>\n\n\n\n<p><blockquote class=\"wp-embedded-content\" data-secret=\"hzjYzKXUC1\"><a href=\"https:\/\/www.profa.ch\/perinatalite\">Conseil en p\u00e9rinatalit\u00e9<\/a><\/blockquote><iframe loading=\"lazy\" class=\"wp-embedded-content\" sandbox=\"allow-scripts\" security=\"restricted\" style=\"position: absolute; visibility: hidden;\" title=\"\u00ab\u00a0Conseil en p\u00e9rinatalit\u00e9\u00a0\u00bb &#8212; PROFA\" src=\"https:\/\/www.profa.ch\/perinatalite\/embed\/#?secret=iGmgvvodnZ#?secret=hzjYzKXUC1\" data-secret=\"hzjYzKXUC1\" width=\"600\" height=\"338\" frameborder=\"0\" marginwidth=\"0\" marginheight=\"0\" scrolling=\"no\"><\/iframe><\/p>\n\n\n\n<p><strong>D\u00e9pistage de la d\u00e9pression post-partum (pour les m\u00e8res et pour les p\u00e8res!) <\/strong><\/p>\n\n\n\n<p><a href=\"https:\/\/postpartale-depression.ch\/fr\/\">https:\/\/postpartale-depression.ch\/fr\/<\/a><\/p>\n\n\n\n<p><strong>Supermamans (R\u00e9seau suisse de b\u00e9n\u00e9voles qui offrent un soutien ponctuel aux familles)<\/strong><\/p>\n\n\n\n<p><blockquote class=\"wp-embedded-content\" data-secret=\"dscWTulF10\"><a href=\"https:\/\/supermamans.ch\/\">Accueil<\/a><\/blockquote><iframe loading=\"lazy\" class=\"wp-embedded-content\" sandbox=\"allow-scripts\" security=\"restricted\" style=\"position: absolute; visibility: hidden;\" title=\"\u00ab\u00a0Accueil\u00a0\u00bb &#8212; SuperMamans\" src=\"https:\/\/supermamans.ch\/embed\/#?secret=0EC15zijf9#?secret=dscWTulF10\" data-secret=\"dscWTulF10\" width=\"600\" height=\"338\" frameborder=\"0\" marginwidth=\"0\" marginheight=\"0\" scrolling=\"no\"><\/iframe><\/p>\n\n\n\n<p><strong>Association (Re)Naissances (v\u00e9cu douloureux li\u00e9 \u00e0 une grossesse ou une naissance)<\/strong><\/p>\n\n\n\n<p><a rel=\"noreferrer noopener\" href=\"http:\/\/www.re-naissances.com\/\" target=\"_blank\">http:\/\/www.re-naissances.com\/<\/a><\/p>\n\n\n\n<div class=\"wp-block-buttons is-layout-flex wp-block-buttons-is-layout-flex\">\n<div class=\"wp-block-button\"><a class=\"wp-block-button__link\">MENSTRUATION, sante et bien-etre de la femme<\/a><\/div>\n<\/div>\n\n\n\n<p><strong>Kiffe Ton Cycle (\u00e9ducation menstruelle)<\/strong><\/p>\n\n\n\n<p><a href=\"https:\/\/www.kiffetoncycle.fr\/\">https:\/\/www.kiffetoncycle.fr\/<\/a><\/p>\n\n\n\n<p><strong>Fegyna (Boutique et ateliers d\u00e9di\u00e9s \u00e0 l&#8217;intimit\u00e9 f\u00e9minine)<\/strong><\/p>\n\n\n\n<p><a href=\"https:\/\/fegyna.ch\/\">https:\/\/fegyna.ch\/<\/a><\/p>\n\n\n\n<div class=\"wp-block-buttons is-layout-flex wp-block-buttons-is-layout-flex\">\n<div class=\"wp-block-button\"><a class=\"wp-block-button__link\">SEXUALITE<\/a><\/div>\n<\/div>\n\n\n\n<p><strong>Sant\u00e9 Sexuelle Suisse (organisation fa\u00eeti\u00e8re des centres de sant\u00e9 sexuelle et des services d\u2019\u00e9ducation sexuelle)<\/strong><\/p>\n\n\n\n<p><a href=\"https:\/\/www.sante-sexuelle.ch\/\">https:\/\/www.sante-sexuelle.ch\/<\/a><\/p>\n\n\n\n<p><strong>Association CIAO<\/strong> <strong>(pour r\u00e9pondre aux besoins d\u2019information et d\u2019orientation des jeunes&nbsp;romand\u00b7e\u00b7s de 11-20 ans dans une multitude de domaines, inclus la sant\u00e9 sexuelle)<\/strong><\/p>\n\n\n\n<p><a href=\"https:\/\/www.ciao.ch\/\">https&nbsp;:\/\/www.ciao.ch\/<\/a><\/p>\n\n\n\n<p><strong>Education sexuelle : r\u00f4le des parents (platforme d&#8217;information pour parents et toute personne ayant un r\u00f4le parental)<\/strong><\/p>\n\n\n\n<p><a href=\"https:\/\/educationsexuelle-parents.ch\/\">https:\/\/educationsexuelle-parents.ch\/<\/a><\/p>\n\n\n\n<div class=\"wp-block-buttons is-layout-flex wp-block-buttons-is-layout-flex\">\n<div class=\"wp-block-button\"><a class=\"wp-block-button__link\">LGBTQAI+<\/a><\/div>\n<\/div>\n\n\n\n<p><strong>Fondation Agnodice (soutien et information \u00e0 la personne transgenre, non-binaire et en questionnement autour du genre)<\/strong><\/p>\n\n\n\n<p><a href=\"https:\/\/agnodice.ch\/\">https&nbsp;:\/\/agnodice.ch\/<\/a><\/p>\n\n\n\n<p><strong>Vogay (association pour la diversit\u00e9 sexuelle et de genre<\/strong>)<\/p>\n\n\n\n<p><blockquote class=\"wp-embedded-content\" data-secret=\"QNdbDP1jzB\"><a href=\"https:\/\/vogay.ch\/\">Association pour la diversit\u00e9 sexuelle et de genre<\/a><\/blockquote><iframe loading=\"lazy\" class=\"wp-embedded-content\" sandbox=\"allow-scripts\" security=\"restricted\" style=\"position: absolute; visibility: hidden;\" title=\"\u00ab\u00a0Association pour la diversit\u00e9 sexuelle et de genre\u00a0\u00bb &#8212; Vogay\" src=\"https:\/\/vogay.ch\/embed\/#?secret=00yvtbN08d#?secret=QNdbDP1jzB\" data-secret=\"QNdbDP1jzB\" width=\"600\" height=\"338\" frameborder=\"0\" marginwidth=\"0\" marginheight=\"0\" scrolling=\"no\"><\/iframe><\/p>\n\n\n\n<p><strong>Association Lilith (association de femmes lesbiennes, bi et queers)<\/strong><\/p>\n\n\n\n<p><a href=\"https:\/\/www.associationlilith.ch\/\">https:\/\/www.associationlilith.ch\/<\/a><\/p>\n\n\n\n<p><strong>Association Famille Arc-en-ciel (association faiti\u00e8re)<\/strong><\/p>\n\n\n\n<p><a href=\"https:\/\/www.regenbogenfamilien.ch\/fr\/familles-arc-en-ciel\/\">https:\/\/www.regenbogenfamilien.ch\/fr\/familles-arc-en-ciel\/<\/a><\/p>\n\n\n\n<p><strong>Sant\u00e9 sexuelle FSF &amp; Trans \/ L-check (centre de consultation, de pr\u00e9vention et de promotion de la sant\u00e9)<\/strong><\/p>\n\n\n\n<p>https:\/\/profa.ch\/l-check<\/p>\n\n\n\n<p>S<strong>ant\u00e9 sexuelle HSH &amp; Trans \/ Checkpoint<\/strong> <strong>(centre de consultation, de pr\u00e9vention et de promotion de la sant\u00e9)<\/strong><\/p>\n\n\n\n<p><blockquote class=\"wp-embedded-content\" data-secret=\"Dv5JgKEXz8\"><a href=\"https:\/\/www.profa.ch\/checkpoint\">Checkpoint<\/a><\/blockquote><iframe loading=\"lazy\" class=\"wp-embedded-content\" sandbox=\"allow-scripts\" security=\"restricted\" style=\"position: absolute; visibility: hidden;\" title=\"\u00ab\u00a0Checkpoint\u00a0\u00bb &#8212; PROFA\" src=\"https:\/\/www.profa.ch\/checkpoint\/embed\/#?secret=fNBWq8LBNd#?secret=Dv5JgKEXz8\" data-secret=\"Dv5JgKEXz8\" width=\"600\" height=\"338\" frameborder=\"0\" marginwidth=\"0\" marginheight=\"0\" scrolling=\"no\"><\/iframe><\/p>\n\n\n\n<div class=\"wp-block-buttons is-layout-flex wp-block-buttons-is-layout-flex\">\n<div class=\"wp-block-button\"><a class=\"wp-block-button__link\">AIDE AUX VICTIMES<\/a><\/div>\n<\/div>\n\n\n\n<p><strong>LAVI (Centre d&#8217;aide aux victimes d&#8217;agressions violentes)<\/strong><\/p>\n\n\n\n<p><blockquote class=\"wp-embedded-content\" data-secret=\"76dpz4cgIA\"><a href=\"https:\/\/centrelavi-ge.ch\/\">Home<\/a><\/blockquote><iframe loading=\"lazy\" class=\"wp-embedded-content\" sandbox=\"allow-scripts\" security=\"restricted\" style=\"position: absolute; visibility: hidden;\" title=\"\u00ab\u00a0Home\u00a0\u00bb &#8212; LAVI\" src=\"https:\/\/centrelavi-ge.ch\/embed\/#?secret=0yrbGqrKHv#?secret=76dpz4cgIA\" data-secret=\"76dpz4cgIA\" width=\"600\" height=\"338\" frameborder=\"0\" marginwidth=\"0\" marginheight=\"0\" scrolling=\"no\"><\/iframe><\/p>\n\n\n\n<p><strong>Association PAV (association vaudoise d&#8217;aide<\/strong> <strong>et de soutien aux personnes victimes de violence)<\/strong><\/p>\n\n\n\n<p><blockquote class=\"wp-embedded-content\" data-secret=\"N2K2i6EE24\"><a href=\"https:\/\/association-pav.ch\/\">Association PAV<\/a><\/blockquote><iframe loading=\"lazy\" class=\"wp-embedded-content\" sandbox=\"allow-scripts\" security=\"restricted\" style=\"position: absolute; visibility: hidden;\" title=\"\u00ab\u00a0Association PAV\u00a0\u00bb &#8212; PAV (Pole Agression et Violence)\" src=\"https:\/\/association-pav.ch\/embed\/#?secret=mKnqJ6hMJZ#?secret=N2K2i6EE24\" data-secret=\"N2K2i6EE24\" width=\"600\" height=\"338\" frameborder=\"0\" marginwidth=\"0\" marginheight=\"0\" scrolling=\"no\"><\/iframe><\/p>\n\n\n\n<p><strong>Violence Que Faire (centre d\u00e9di\u00e9 \u00e0 la violence dans le couple)<\/strong><\/p>\n\n\n\n<p><blockquote class=\"wp-embedded-content\" data-secret=\"luoNgi78RW\"><a href=\"https:\/\/www.violencequefaire.ch\/\">Page d&rsquo;accueil<\/a><\/blockquote><iframe loading=\"lazy\" class=\"wp-embedded-content\" sandbox=\"allow-scripts\" security=\"restricted\" style=\"position: absolute; visibility: hidden;\" title=\"\u00ab\u00a0Page d&rsquo;accueil\u00a0\u00bb &#8212; Violence que faire ?\" src=\"https:\/\/www.violencequefaire.ch\/embed\/#?secret=64tEsQpsnK#?secret=luoNgi78RW\" data-secret=\"luoNgi78RW\" width=\"600\" height=\"338\" frameborder=\"0\" marginwidth=\"0\" marginheight=\"0\" scrolling=\"no\"><\/iframe><\/p>\n\n\n\n<p><strong>Protection de l&#8217;enfance Suisse \/ Violence sexuelle (platforme d&#8217;informations ou ressources pour la pr\u00e9vention de la violence sexuelle aupr\u00e8s des enfants)<\/strong><\/p>\n\n\n\n<p><a href=\"https:\/\/www.kinderschutz.ch\/fr\/violence-sexuelle\">https:\/\/www.kinderschutz.ch\/fr\/violence-sexuelle<\/a><\/p>\n<div style=\"margin: 20px 0;\"><div class=\"qrcswholewtapper\" style=\"text-align:left;\"><div class=\"qrcprowrapper\"  id=\"qrcwraa2leds\"><div class=\"qrc_canvass\" id=\"qrc_cuttenpages_2\" style=\"display:none\" data-text=\"https:\/\/pelvica.ch\/?page_id=692\"><\/div><\/div><\/div><\/div>","protected":false},"excerpt":{"rendered":"<p>Centre P\u00e9rinatal &amp; Famille (Lausanne et Gen\u00e8ve) www.centreperinatal.ch Centre de Sexologie et Couple de la C\u00f4te www.sexologiecouple.com Sexopraxis : centre consacr\u00e9 aux sexualit\u00e9s, aux couples et \u00e0 la p\u00e9rinatalit\u00e9 https:\/\/www.sexopraxis.ch\/ Fondation PROFA (Centre vaudois de r\u00e9f\u00e9rence en sant\u00e9 sexuelle, couple et sexologie, p\u00e9rinatalit\u00e9, aide aux victimes, \u00e9ducation sexuelle, pr\u00e9vention VIH-IST) www.profa.ch Association des physioth\u00e9rapeutes sp\u00e9cialis\u00e9s [&hellip;]<\/p>\n","protected":false},"author":1,"featured_media":0,"parent":0,"menu_order":0,"comment_status":"closed","ping_status":"closed","template":"","meta":{"footnotes":""},"class_list":["post-692","page","type-page","status-publish","hentry"],"_links":{"self":[{"href":"https:\/\/pelvica.ch\/index.php?rest_route=\/wp\/v2\/pages\/692","targetHints":{"allow":["GET"]}}],"collection":[{"href":"https:\/\/pelvica.ch\/index.php?rest_route=\/wp\/v2\/pages"}],"about":[{"href":"https:\/\/pelvica.ch\/index.php?rest_route=\/wp\/v2\/types\/page"}],"author":[{"embeddable":true,"href":"https:\/\/pelvica.ch\/index.php?rest_route=\/wp\/v2\/users\/1"}],"replies":[{"embeddable":true,"href":"https:\/\/pelvica.ch\/index.php?rest_route=%2Fwp%2Fv2%2Fcomments&post=692"}],"version-history":[{"count":8,"href":"https:\/\/pelvica.ch\/index.php?rest_route=\/wp\/v2\/pages\/692\/revisions"}],"predecessor-version":[{"id":1014,"href":"https:\/\/pelvica.ch\/index.php?rest_route=\/wp\/v2\/pages\/692\/revisions\/1014"}],"wp:attachment":[{"href":"https:\/\/pelvica.ch\/index.php?rest_route=%2Fwp%2Fv2%2Fmedia&parent=692"}],"curies":[{"name":"wp","href":"https:\/\/api.w.org\/{rel}","templated":true}]}}